2 - 2*p + 6. Let h be 18 - 20 - (2 - 8). Calculate i(h).
-2
Let n be (-4 - -3)*-1 + 1. Let v be n/8 - (-150)/40. Let z(j) = 3*j + 2 + 6 - 5 + 0. What is z(v)?
15
Let s(z) = 2*z - 2. Suppose 0 = -3*d + 14*d - 33. Determine s(d).
4
Let f(w) = w**3 + 5*w**2 + 2*w + 6. Let q be f(-5). Let y(a) = -6*a + 7. Let j(g) = g - 4. Let p(o) = 3*j(o) + y(o). Calculate p(q).
7
Let u = -2021 + 2025. Let i(s) be the first derivative of -1/4*s**u - 4/3*s**3 - 3/2*s**2 - 3*s + 12. Give i(-4).
9
Let l(f) be the first derivative of f**5/60 - f**4/6 - 5*f**3/6 + 2*f**2 - 8. Let j(i) be the second derivative of l(i). Calculate j(5).
0
Let u(c) = -c**3 + 2*c**2 + c + 1. Let l be u(2). Let a(i) = -16 - l*i - 19 + 55 - 24. Let t(f) = -f**2 + 5*f + 1. Let x be t(6). Give a(x).
11
Let x(z) be the second derivative of -z**3/6 - 2*z. Let b be 8/(-7 - (-9 - -4)). Determine x(b).
4
Let o(k) be the third derivative of -k**6/360 + k**4/12 - 3*k**3/2 + 2*k**2. Let c(s) be the first derivative of o(s). Determine c(-3).
-7
Let a = 11 - 9. Let n be (2*a)/(5 + (-3 - 4)). Let h(v) = -3*v - 3. What is h(n)?
3
Let s(m) = -2*m + 2. Let n(z) = z**2 - 5*z + 3. Let k(f) = f**3 + 6*f**2 - 9*f - 9. Suppose -3*c - 14 = -c. Let t be k(c). Let g be n(t). Give s(g).
-4
Let b(x) = 141*x**2 - 283*x**2 + 1 + 141*x**2 + 5*x. Determine b(7).
-13
Let d(m) = -m**3 + 4*m**2 + m - 7. Suppose 2*s + 1 = 4*i - 9, -2*s - 3*i + 18 = 0. Calculate d(s).
5
Let n(r) = 6*r**2 + r - 1. Suppose -v - 196 + 198 = 0. What is n(v)?
25
Let i(b) be the first derivative of b**3/3 + 3*b**2 + 3*b - 153. Give i(-5).
-2
Let c(g) = -g. Let y(a) = -4 + 3 + 3*a + 0 + 2 - a**2. Let v be y(2). Suppose 0 = -v*d + 5*l - l - 10, -d - 6 = -2*l. Determine c(d).
-2
Let h(d) = d**3 - 4*d**2 + 2. Suppose p - 11 = -2*r, -2*p = 2*r + 3*r - 27. Determine h(r).
27
Suppose -20 = -5*i + 5*b, i + 2*b + 8 = 4*i. Suppose i = r - 4 - 1. Let t(g) = 5*g + 4*g - 2*g - r*g + 2. What is t(-4)?
-6
Let j = 10 - 47. Let i = j + 40. Let v(s) = -s**2 + 3. Determine v(i).
-6
Let p(i) = i - 1. Let w(h) = -h**2 + 70. Let j be w(-9). Give p(j).
-12
Let u(g) be the second derivative of -g**8/6720 - g**7/420 - g**6/720 - g**5/120 - g**4/12 - 3*g. Let s(v) be the third derivative of u(v). What is s(-6)?
5
Let q(p) = -7*p**2 - 5*p + 5*p + 12 - p + 0*p. Let y(h) = 3*h**2 + h - 6. Let o(n) = 2*q(n) + 5*y(n). Give o(-6).
12
Let o be 5/1 - 2/(-2). Let w(s) be the third derivative of -7/6*s**3 + 0*s + 0 + 1/8*s**4 - 4*s**2. Determine w(o).
11
Let q(z) = -z**2 - 8*z - 4. Let h(u) = -5*u**2 - 33*u - 16. Let w be (2/(-4))/(10/(-180)). Let b(r) = w*q(r) - 2*h(r). Determine b(6).
-4
Let w(o) be the third derivative of o**4/12 - o**3/2 + 5*o**2 - 30*o. Give w(1).
-1
Let c(j) be the third derivative of j**4/6 - j**3/2 - 2*j**2 + 3*j. Calculate c(-7).
-31
Let i(u) = u**3 - 8*u**2 + 3*u - 6. Suppose -117 = -22*h + 37. Give i(h).
-34
Suppose 13*g = 17*g - 8. Let y(t) be the first derivative of t**4/4 + t**3/3 - t**2/2 - 2*t + 3. Determine y(g).
8
Suppose 2*u + 5 = 3*u. Let o(q) be the third derivative of -3*q**2 + 0 - 1/24*q**4 + 7/6*q**3 + 0*q. What is o(u)?
2
Let l(x) = 2*x**2 + 16*x - 12. Let h be l(-9). Let n(i) be the third derivative of -i**3 + 3/8*i**4 + h*i**2 + 1/12*i**5 + 0 - 1/120*i**6 + 0*i. Give n(6).
12
Let a(o) = -o**3 - o. Let r be (30/(-35))/(6/(-28)). Let d(b) = -3*b**3 - 3*b**2 - 8*b + 4. Let h(p) = r*a(p) - d(p). What is h(4)?
-4
Let f(v) = -4*v + 29. Let o(j) = 21*j - 141. Let t(q) = -24*f(q) - 5*o(q). What is t(7)?
-54
Let s(q) be the third derivative of q**4/24 + 2*q**3/3 + 81*q**2 + 1. Give s(6).
10
Let b = -2 - 4. Let z(n) be the third derivative of -n**5/30 - 3*n**4/8 - 11*n**2. Determine z(b).
-18
Suppose 7*d + 6*d - 156 = 0. Suppose 2*a = -3*f, -2*a + a = -3*f + 9. Let q(v) = f + 8 - v - 2*v**2 - d. Calculate q(2).
-12
Suppose -5*d + 45 = 4*d. Suppose -d*c = -4*y - 6 - 12, -5*c = -y - 12. Let j(u) = -u**3 + 2*u - 3. Calculate j(c).
-7
Let s(z) = z - 7. Suppose -15*c = 47 - 182. What is s(c)?
2
Let w be (2 - (-7)/(-2))*-2. Let a(n) be the third derivative of n**6/120 - n**5/20 + n**4/8 - n**3/3 - 12*n**2 - 15. Give a(w).
7
Let j(w) = -2*w. Let g be j(-1). Let n be g/(-7) + (-120)/(-28). Let t(k) = -6*k - 1. Let s(z) = -3*z - 1. Let y(x) = 5*s(x) - 3*t(x). Give y(n).
10
Let y(o) be the first derivative of o**2 - 2*o + 4/3*o**3 - 7 - 1/4*o**4. Give y(2).
10
Let x(i) = -18*i. Suppose 4*r - 17 = -5*d, -r = -8*d + 11*d - 6. What is x(d)?
-18
Let z(h) be the first derivative of h**2/2 + 2*h - 1. Let v(j) = 2*j**2 + 1 - 4*j**2 - 2 - 10*j - 4. Let c be v(-5). What is z(c)?
-3
Let a(t) = t**3 - 5*t**2 - t + 2. Let f = 258 + -254. Give a(f).
-18
Let p(s) = s**3 - 29*s**2 - 3*s + 81. Let c be p(29). Let d(t) = t**2 + 9*t + 9. What is d(c)?
-9
Let u(o) = -o**2 + 9*o - 13. Let i be (-33)/(-5) + 9*(-5)/75. Calculate u(i).
5
Let y(m) = -2*m + 3. Let f(t) = -3*t + 7. Let s(j) = -f(j) + 2*y(j). Let b(r) = -r + 5. Let w = -6 - -8. Let x(u) = w*s(u) - b(u). Determine x(-4).
-3
Let y be 1*(-6 + (-224)/(-35))*-25. Let g(l) = -l**2 - 9*l + 11. Determine g(y).
1
Let k(i) = 8 - i**2 - 20*i - i**2 + 42*i + i**2 - 26*i. Calculate k(-6).
-4
Let v(l) = -8*l + 1. Suppose 4*t - 4*g = -48, -5*t - 12 = 5*g + 48. Let b = t - -18. Suppose u = -2*n - n + b, -u + 7 = 4*n. Calculate v(n).
-7
Let a(v) = -1. Let n(p) = -3*p - 7. Let w(c) = 4*a(c) - n(c). Let j be (-2)/(-7) + (-138)/42. What is w(j)?
-6
Suppose 2*g = -2*p - 3*p + 26, 2*g + 28 = 4*p. Suppose -4*y + 4*f = -y + p, y - f = -2. Let a(d) = 4*d - 1. What is a(y)?
-9
Let o(k) be the second derivative of k**5/20 + 13*k**4/12 + 13*k**3/6 + 5*k**2 - 150*k. Calculate o(-12).
-2
Let s(y) = 7*y**2 + y - 2. Suppose -2 + 0 = -2*j. Let w be s(j). Let c(k) = k**3 - 5*k**2 - 5*k - 6. Give c(w).
0
Let d(s) = s**2 + 145 + 3*s - 232 + 90. Calculate d(-3).
3
Let u(x) = -4*x**3 + 2*x**2 - x + 4. Suppose 11 + 41 = 26*m. Calculate u(m).
-22
Let c be 4/(-2) + 9 + -3. Suppose 3*s + 9 = 4*x, 7 = 3*x - 2*x + c*s. Let h(p) = -p**x - 4*p + 130 + 0*p**2 - p**2 - 3*p**2 - 134. Give h(-4).
12
Let r(i) = 10 - 2 - 5*i + i**3 + 5*i**2 + 0. Let k be r(-6). Let l(j) = 2*j - 1. What is l(k)?
3
Let t = -40 + 67. Let y = t + -25. Let r(h) = 0*h**2 - 7*h + 11*h + h**y. Determine r(-3).
-3
Let l(h) = h**3 - 17*h**2 + 31*h - 17. Let m be l(15). Let q(u) = -7*u - 2. Calculate q(m).
12
Let p(m) = 5 - 74*m + 79*m - 14 + 12. What is p(2)?
13
Let a(b) be the first derivative of b**4/4 - 16*b**3/3 + 17*b**2/2 - 31*b - 992. Give a(15).
-1
Let v(f) = f**2 - 5*f - 5. Let n be v(5). Let l(x) = -6*x - 5. Let g be l(-4). Let b(j) = -30*j + 9*j + g*j - 1. Give b(n).
9
Let m(t) = 5*t - 2. Let i(h) = -1. Let x(d) = 4*i(d) - m(d). Suppose -7 = -3*g - 1. Suppose -r = r + g, -3*b - r = 7. Give x(b).
8
Let y be (22/(-5))/(3/(-15)). Suppose -3*c - y = -4. Let l(u) = 18*u - 8. Let z(q) = -6*q + 3. Let b(r) = c*l(r) - 17*z(r). Calculate b(-3).
15
Let s(w) be the second derivative of 0 - 1/12*w**4 + 7/6*w**3 - 4*w**2 + w. Suppose -8 = -g - 5*y + 3, -g - y = -7. What is s(g)?
-2
Let s(z) be the second derivative of -z**5/20 - 4*z**4/3 - z**3/3 - 23*z**2/2 + 276*z. Calculate s(-16).
9
Let w(c) be the second derivative of -1/6*c**3 + c**2 - 26*c + 1/4*c**4 - 1/10*c**5 + 0. Calculate w(2).
-4
Let j(d) be the second derivative of -d**5/10 + d**2 + 4*d - 9. Determine j(-2).
18
Let d(p) = p**2 + 4. Let c = -775 - -777. What is d(c)?
8
Let d(t) = -2 + t**2 + 3 - 8*t + 3. Suppose 7*o - 70 = -3*o. Determine d(o).
-3
Let i(w) = -1 + w**2 + 0 - 3*w + 0. Let u be (-4)/16*4*15/(-3). What is i(u)?
9
Let r be ((-216)/(-9))/(-4)*4/6. Let i(l) = l**3 + 4*l**2 - 2*l - 3. Calculate i(r).
5
Let z(j) = -j + 1. Let m = -113 - -111. Calculate z(m).
3
Let g(k) be the third derivative of -k**4/24 - 5*k**3/2 + 2*k**2 + 30*k. Determine g(-11).
-4
Let x = -1098 + 1097. Let q(g) = -g**3 - 2*g**2 - 3*g - 2. Give q(x).
0
Let z be (-1 - 2 - -10) + 68/(-17). Let a(t) = 2*t + 3. What is a(z)?
9
Let g be ((5 - (-8)/(-2)) + -2)*1. Let c(x) = -22*x**3 - x**2 + 1. What is c(g)?
22
Let p(t) be the first derivative of -3*t**2/2 - 4*t - 2. Suppose -105*g + 3 = 423. What is p(g)?
8
Let b = -70 + 64. Let h(q) = 3*q + q**3 - q + 6*q + 4 + 7*q**2 + 0*q**2. What is h(b)?
-8
Suppose 5*a - v + 6*v = -50, -a - 25 = 4*v. Let c be (a - -3)*